{"id":245260,"date":"2025-01-06T11:05:06","date_gmt":"2025-01-06T10:05:06","guid":{"rendered":"https:\/\/musicoss.ch\/?post_type=tribe_events&#038;p=245260"},"modified":"2026-01-30T06:00:17","modified_gmt":"2026-01-30T05:00:17","slug":"concert-emc-big-band-lage-dor-du-swing","status":"publish","type":"tribe_events","link":"https:\/\/musicoss.ch\/event\/concert-emc-big-band-lage-dor-du-swing\/","title":{"rendered":"Concert &#8211; EMC Big Band"},"content":{"rendered":"<p class=\"p1\"><span style=\"font-size: 12.0pt; font-family: 'Calibri',sans-serif;\">Apr\u00e8s son projet <i>The Atomic Mr Basie<\/i> en 2025 \u00e0 l\u2019occasion de ses 20 ans, l&rsquo;EMC Big Band \u2013 dirig\u00e9 par son chef de toujours, Marc Jufer &#8211; plonge dans l&rsquo;univers nocturne et festif des ann\u00e9es folles. <\/span><\/p>\n<p class=\"p1\"><span style=\"font-size: 12.0pt; font-family: 'Calibri',sans-serif;\">Swing jusqu&rsquo;au bout de la nuit, strass et dorures seront au menu de ce concert\u2026 au joyeux parfum de soufre ! Entre \u00e9l\u00e9gance et folie, le public sera emport\u00e9 par l\u2019\u00e9nergie d\u00e9bordante des musiciens, les \u00e9clats de rire, les pas de danse improvis\u00e9s et la magie d\u2019une soir\u00e9e qui promet d\u2019\u00eatre inoubliable.<\/span><\/p>\n","protected":false},"excerpt":{"rendered":"<p>Samedi 3 octobre 2020 \u00e0 20h<br \/>\nfeat. Cyril Regamey, percussions<br \/>\nEntr\u00e9e libre &#8211; Collecte<\/p>\n","protected":false},"author":9,"featured_media":0,"template":"","meta":{"_gkelmt_built_use_built":"off","_gkelmt_built_old_content":"event 1 - concert de fl\u00fbte : Phasellus scelerisque mi eros, vitae venenatis enim bibendum vel. Nam convallis neque id turpis efficitur, in rhoncus urna posuere. In sed imperdiet ex. Aenean semper lacus vitae magna accumsan eleifend. \r\n\r\nPellentesque habitant morbi tristique senectus et netus non mi dolor. Etiam non suscipit erat. Praesent eu felis non massa ullamcorper laoreet in vitae libero. \r\n\r\nNam ac risus mauris. Suspendisse dignissim, lacus sagittis scelerisque rhoncus, massa dui lobortis nulla, id interdum nisl lacus vitae lacus.","_gkelmt_gb_content_width":"","inline_featured_image":false,"_tribe_events_status":"","_tribe_events_status_reason":"","_tribe_events_is_hybrid":"","_tribe_events_is_virtual":"","_tribe_events_virtual_video_source":"","_tribe_events_virtual_embed_video":"","_tribe_events_virtual_linked_button_text":"","_tribe_events_virtual_linked_button":"","_tribe_events_virtual_show_embed_at":"","_tribe_events_virtual_show_embed_to":[],"_tribe_events_virtual_show_on_event":"","_tribe_events_virtual_show_on_views":"","_tribe_events_virtual_url":"","footnotes":""},"tags":[256],"tribe_events_cat":[383],"class_list":["post-245260","tribe_events","type-tribe_events","status-publish","hentry","tag-concerts","tribe_events_cat-events","cat_events"],"seo_gk_head":"<!-- This site is optimized with the Yoast SEO plugin v27.4 - https:\/\/yoast.com\/product\/yoast-seo-wordpress\/ -->\n<title>\u00c9cole de musique de Cossonay &#062; Agenda &#062; Concert - EMC Big Band<\/title>\n<meta name=\"robots\" content=\"index, follow, max-snippet:-1, max-image-preview:large, max-video-preview:-1\" \/>\n<link rel=\"canonical\" href=\"https:\/\/musicoss.ch\/event\/concert-emc-big-band-lage-dor-du-swing\/\" \/>\n<meta property=\"og:locale\" content=\"fr_FR\" \/>\n<meta property=\"og:type\" content=\"article\" \/>\n<meta property=\"og:title\" content=\"\u00c9cole de musique de Cossonay &#062; Agenda &#062; Concert - EMC Big Band\" \/>\n<meta property=\"og:description\" content=\"Samedi 3 octobre 2020 \u00e0 20h feat. Cyril Regamey, percussions Entr\u00e9e libre - Collecte\" \/>\n<meta property=\"og:url\" content=\"https:\/\/musicoss.ch\/event\/concert-emc-big-band-lage-dor-du-swing\/\" \/>\n<meta property=\"og:site_name\" content=\"\u00c9cole de musique de Cossonay\" \/>\n<meta property=\"article:publisher\" content=\"https:\/\/www.facebook.com\/EcoleMusiqueCossonay\/\" \/>\n<meta property=\"article:modified_time\" content=\"2026-01-30T05:00:17+00:00\" \/>\n<meta property=\"og:image\" content=\"https:\/\/musicoss.ch\/imagesgk\/2020\/05\/visuel_presentation_emc_HD-scaled.jpg\" \/>\n\t<meta property=\"og:image:width\" content=\"2880\" \/>\n\t<meta property=\"og:image:height\" content=\"1765\" \/>\n\t<meta property=\"og:image:type\" content=\"image\/jpeg\" \/>\n<meta name=\"twitter:card\" content=\"summary_large_image\" \/>\n<meta name=\"twitter:label1\" content=\"Dur\u00e9e de lecture estim\u00e9e\" \/>\n\t<meta name=\"twitter:data1\" content=\"1 minute\" \/>\n<script type=\"application\/ld+json\" class=\"seo_gk-schema-graph\">{\"@context\":\"https:\\\/\\\/schema.org\",\"@graph\":[{\"@type\":\"WebPage\",\"@id\":\"https:\\\/\\\/musicoss.ch\\\/event\\\/concert-emc-big-band-lage-dor-du-swing\\\/\",\"url\":\"https:\\\/\\\/musicoss.ch\\\/event\\\/concert-emc-big-band-lage-dor-du-swing\\\/\",\"name\":\"\u00c9cole de musique de Cossonay &#062; Agenda &#062; Concert - EMC Big Band\",\"isPartOf\":{\"@id\":\"https:\\\/\\\/musicoss.ch\\\/#website\"},\"datePublished\":\"2025-01-06T10:05:06+00:00\",\"dateModified\":\"2026-01-30T05:00:17+00:00\",\"breadcrumb\":{\"@id\":\"https:\\\/\\\/musicoss.ch\\\/event\\\/concert-emc-big-band-lage-dor-du-swing\\\/#breadcrumb\"},\"inLanguage\":\"fr-FR\",\"potentialAction\":[{\"@type\":\"ReadAction\",\"target\":[\"https:\\\/\\\/musicoss.ch\\\/event\\\/concert-emc-big-band-lage-dor-du-swing\\\/\"]}]},{\"@type\":\"BreadcrumbList\",\"@id\":\"https:\\\/\\\/musicoss.ch\\\/event\\\/concert-emc-big-band-lage-dor-du-swing\\\/#breadcrumb\",\"itemListElement\":[{\"@type\":\"ListItem\",\"position\":1,\"name\":\"\u00c9cole de musique de Cossonay\",\"item\":\"https:\\\/\\\/musicoss.ch\\\/\"},{\"@type\":\"ListItem\",\"position\":2,\"name\":\"\u00c9v\u00e8nements\",\"item\":\"https:\\\/\\\/musicoss.ch\\\/events\\\/\"},{\"@type\":\"ListItem\",\"position\":3,\"name\":\"Concert &#8211; EMC Big Band\"}]},{\"@type\":\"WebSite\",\"@id\":\"https:\\\/\\\/musicoss.ch\\\/#website\",\"url\":\"https:\\\/\\\/musicoss.ch\\\/\",\"name\":\"\u00c9cole de musique de Cossonay\",\"description\":\"\",\"publisher\":{\"@id\":\"https:\\\/\\\/musicoss.ch\\\/#organization\"},\"potentialAction\":[{\"@type\":\"SearchAction\",\"target\":{\"@type\":\"EntryPoint\",\"urlTemplate\":\"https:\\\/\\\/musicoss.ch\\\/?s={search_term_string}\"},\"query-input\":{\"@type\":\"PropertyValueSpecification\",\"valueRequired\":true,\"valueName\":\"search_term_string\"}}],\"inLanguage\":\"fr-FR\"},{\"@type\":\"Organization\",\"@id\":\"https:\\\/\\\/musicoss.ch\\\/#organization\",\"name\":\"\u00c9cole de musique de Cossonay\",\"url\":\"https:\\\/\\\/musicoss.ch\\\/\",\"logo\":{\"@type\":\"ImageObject\",\"inLanguage\":\"fr-FR\",\"@id\":\"https:\\\/\\\/musicoss.ch\\\/#\\\/schema\\\/logo\\\/image\\\/\",\"url\":\"https:\\\/\\\/musicoss.ch\\\/contenusgk\\\/uploads\\\/2020\\\/04\\\/logo-EMC.png\",\"contentUrl\":\"https:\\\/\\\/musicoss.ch\\\/contenusgk\\\/uploads\\\/2020\\\/04\\\/logo-EMC.png\",\"width\":500,\"height\":266,\"caption\":\"\u00c9cole de musique de Cossonay\"},\"image\":{\"@id\":\"https:\\\/\\\/musicoss.ch\\\/#\\\/schema\\\/logo\\\/image\\\/\"},\"sameAs\":[\"https:\\\/\\\/www.facebook.com\\\/EcoleMusiqueCossonay\\\/\"]}]}<\/script>\n<!-- \/ Yoast SEO plugin. -->","seo_gk_head_json":{"title":"\u00c9cole de musique de Cossonay &#062; Agenda &#062; Concert - EMC Big Band","robots":{"index":"index","follow":"follow","max-snippet":"max-snippet:-1","max-image-preview":"max-image-preview:large","max-video-preview":"max-video-preview:-1"},"canonical":"https:\/\/musicoss.ch\/event\/concert-emc-big-band-lage-dor-du-swing\/","og_locale":"fr_FR","og_type":"article","og_title":"\u00c9cole de musique de Cossonay &#062; Agenda &#062; Concert - EMC Big Band","og_description":"Samedi 3 octobre 2020 \u00e0 20h feat. Cyril Regamey, percussions Entr\u00e9e libre - Collecte","og_url":"https:\/\/musicoss.ch\/event\/concert-emc-big-band-lage-dor-du-swing\/","og_site_name":"\u00c9cole de musique de Cossonay","article_publisher":"https:\/\/www.facebook.com\/EcoleMusiqueCossonay\/","article_modified_time":"2026-01-30T05:00:17+00:00","og_image":[{"width":2880,"height":1765,"url":"https:\/\/musicoss.ch\/imagesgk\/2020\/05\/visuel_presentation_emc_HD-scaled.jpg","type":"image\/jpeg"}],"twitter_card":"summary_large_image","twitter_misc":{"Dur\u00e9e de lecture estim\u00e9e":"1 minute"},"schema":{"@context":"https:\/\/schema.org","@graph":[{"@type":"WebPage","@id":"https:\/\/musicoss.ch\/event\/concert-emc-big-band-lage-dor-du-swing\/","url":"https:\/\/musicoss.ch\/event\/concert-emc-big-band-lage-dor-du-swing\/","name":"\u00c9cole de musique de Cossonay &#062; Agenda &#062; Concert - EMC Big Band","isPartOf":{"@id":"https:\/\/musicoss.ch\/#website"},"datePublished":"2025-01-06T10:05:06+00:00","dateModified":"2026-01-30T05:00:17+00:00","breadcrumb":{"@id":"https:\/\/musicoss.ch\/event\/concert-emc-big-band-lage-dor-du-swing\/#breadcrumb"},"inLanguage":"fr-FR","potentialAction":[{"@type":"ReadAction","target":["https:\/\/musicoss.ch\/event\/concert-emc-big-band-lage-dor-du-swing\/"]}]},{"@type":"BreadcrumbList","@id":"https:\/\/musicoss.ch\/event\/concert-emc-big-band-lage-dor-du-swing\/#breadcrumb","itemListElement":[{"@type":"ListItem","position":1,"name":"\u00c9cole de musique de Cossonay","item":"https:\/\/musicoss.ch\/"},{"@type":"ListItem","position":2,"name":"\u00c9v\u00e8nements","item":"https:\/\/musicoss.ch\/events\/"},{"@type":"ListItem","position":3,"name":"Concert &#8211; EMC Big Band"}]},{"@type":"WebSite","@id":"https:\/\/musicoss.ch\/#website","url":"https:\/\/musicoss.ch\/","name":"\u00c9cole de musique de Cossonay","description":"","publisher":{"@id":"https:\/\/musicoss.ch\/#organization"},"potentialAction":[{"@type":"SearchAction","target":{"@type":"EntryPoint","urlTemplate":"https:\/\/musicoss.ch\/?s={search_term_string}"},"query-input":{"@type":"PropertyValueSpecification","valueRequired":true,"valueName":"search_term_string"}}],"inLanguage":"fr-FR"},{"@type":"Organization","@id":"https:\/\/musicoss.ch\/#organization","name":"\u00c9cole de musique de Cossonay","url":"https:\/\/musicoss.ch\/","logo":{"@type":"ImageObject","inLanguage":"fr-FR","@id":"https:\/\/musicoss.ch\/#\/schema\/logo\/image\/","url":"https:\/\/musicoss.ch\/imagesgk\/2020\/04\/logo-EMC.png","contentUrl":"https:\/\/musicoss.ch\/imagesgk\/2020\/04\/logo-EMC.png","width":500,"height":266,"caption":"\u00c9cole de musique de Cossonay"},"image":{"@id":"https:\/\/musicoss.ch\/#\/schema\/logo\/image\/"},"sameAs":["https:\/\/www.facebook.com\/EcoleMusiqueCossonay\/"]}]}},"_links":{"self":[{"href":"https:\/\/musicoss.ch\/api-json-gk\/wp\/v2\/tribe_events\/245260","targetHints":{"allow":["GET"]}}],"collection":[{"href":"https:\/\/musicoss.ch\/api-json-gk\/wp\/v2\/tribe_events"}],"about":[{"href":"https:\/\/musicoss.ch\/api-json-gk\/wp\/v2\/types\/tribe_events"}],"author":[{"embeddable":true,"href":"https:\/\/musicoss.ch\/api-json-gk\/wp\/v2\/users\/9"}],"version-history":[{"count":2,"href":"https:\/\/musicoss.ch\/api-json-gk\/wp\/v2\/tribe_events\/245260\/revisions"}],"predecessor-version":[{"id":245608,"href":"https:\/\/musicoss.ch\/api-json-gk\/wp\/v2\/tribe_events\/245260\/revisions\/245608"}],"wp:attachment":[{"href":"https:\/\/musicoss.ch\/api-json-gk\/wp\/v2\/media?parent=245260"}],"wp:term":[{"taxonomy":"post_tag","embeddable":true,"href":"https:\/\/musicoss.ch\/api-json-gk\/wp\/v2\/tags?post=245260"},{"taxonomy":"tribe_events_cat","embeddable":true,"href":"https:\/\/musicoss.ch\/api-json-gk\/wp\/v2\/tribe_events_cat?post=245260"}],"curies":[{"name":"wp","href":"https:\/\/api.w.org\/{rel}","templated":true}]}}

<p class="p1"><span style="font-size: 12.0pt; font-family: 'Calibri',sans-serif;">Après son projet <i>The Atomic Mr Basie</i> en 2025 à l’occasion de ses 20 ans, l&rsquo;EMC Big Band – dirigé par son chef de toujours, Marc Jufer &#8211; plonge dans l&rsquo;univers nocturne et festif des années folles. </span></p>
<p class="p1"><span style="font-size: 12.0pt; font-family: 'Calibri',sans-serif;">Swing jusqu&rsquo;au bout de la nuit, strass et dorures seront au menu de ce concert… au joyeux parfum de soufre ! Entre élégance et folie, le public sera emporté par l’énergie débordante des musiciens, les éclats de rire, les pas de danse improvisés et la magie d’une soirée qui promet d’être inoubliable.</span></p>

<p>Samedi 3 octobre 2020 à 20h<br />
feat. Cyril Regamey, percussions<br />
Entrée libre &#8211; Collecte</p>

event 1 - concert de flûte : Phasellus scelerisque mi eros, vitae venenatis enim bibendum vel. Nam convallis neque id turpis efficitur, in rhoncus urna posuere. In sed imperdiet ex. Aenean semper lacus vitae magna accumsan eleifend. 

Pellentesque habitant morbi tristique senectus et netus non mi dolor. Etiam non suscipit erat. Praesent eu felis non massa ullamcorper laoreet in vitae libero. 

Nam ac risus mauris. Suspendisse dignissim, lacus sagittis scelerisque rhoncus, massa dui lobortis nulla, id interdum nisl lacus vitae lacus.

<!-- This site is optimized with the Yoast SEO plugin v27.4 - https://yoast.com/product/yoast-seo-wordpress/ -->
<title>École de musique de Cossonay &#062; Agenda &#062; Concert - EMC Big Band</title>
<meta name="robots" content="index, follow, max-snippet:-1, max-image-preview:large, max-video-preview:-1" />
<link rel="canonical" href="https://musicoss.ch/event/concert-emc-big-band-lage-dor-du-swing/" />
<meta property="og:locale" content="fr_FR" />
<meta property="og:type" content="article" />
<meta property="og:title" content="École de musique de Cossonay &#062; Agenda &#062; Concert - EMC Big Band" />
<meta property="og:description" content="Samedi 3 octobre 2020 à 20h feat. Cyril Regamey, percussions Entrée libre - Collecte" />
<meta property="og:url" content="https://musicoss.ch/event/concert-emc-big-band-lage-dor-du-swing/" />
<meta property="og:site_name" content="École de musique de Cossonay" />
<meta property="article:publisher" content="https://www.facebook.com/EcoleMusiqueCossonay/" />
<meta property="article:modified_time" content="2026-01-30T05:00:17+00:00" />
<meta property="og:image" content="https://musicoss.ch/imagesgk/2020/05/visuel_presentation_emc_HD-scaled.jpg" />
	<meta property="og:image:width" content="2880" />
	<meta property="og:image:height" content="1765" />
	<meta property="og:image:type" content="image/jpeg" />
<meta name="twitter:card" content="summary_large_image" />
<meta name="twitter:label1" content="Durée de lecture estimée" />
	<meta name="twitter:data1" content="1 minute" />
<script type="application/ld+json" class="seo_gk-schema-graph">{"@context":"https:\/\/schema.org","@graph":[{"@type":"WebPage","@id":"https:\/\/musicoss.ch\/event\/concert-emc-big-band-lage-dor-du-swing\/","url":"https:\/\/musicoss.ch\/event\/concert-emc-big-band-lage-dor-du-swing\/","name":"École de musique de Cossonay &#062; Agenda &#062; Concert - EMC Big Band","isPartOf":{"@id":"https:\/\/musicoss.ch\/#website"},"datePublished":"2025-01-06T10:05:06+00:00","dateModified":"2026-01-30T05:00:17+00:00","breadcrumb":{"@id":"https:\/\/musicoss.ch\/event\/concert-emc-big-band-lage-dor-du-swing\/#breadcrumb"},"inLanguage":"fr-FR","potentialAction":[{"@type":"ReadAction","target":["https:\/\/musicoss.ch\/event\/concert-emc-big-band-lage-dor-du-swing\/"]}]},{"@type":"BreadcrumbList","@id":"https:\/\/musicoss.ch\/event\/concert-emc-big-band-lage-dor-du-swing\/#breadcrumb","itemListElement":[{"@type":"ListItem","position":1,"name":"École de musique de Cossonay","item":"https:\/\/musicoss.ch\/"},{"@type":"ListItem","position":2,"name":"Évènements","item":"https:\/\/musicoss.ch\/events\/"},{"@type":"ListItem","position":3,"name":"Concert &#8211; EMC Big Band"}]},{"@type":"WebSite","@id":"https:\/\/musicoss.ch\/#website","url":"https:\/\/musicoss.ch\/","name":"École de musique de Cossonay","description":"","publisher":{"@id":"https:\/\/musicoss.ch\/#organization"},"potentialAction":[{"@type":"SearchAction","target":{"@type":"EntryPoint","urlTemplate":"https:\/\/musicoss.ch\/?s={search_term_string}"},"query-input":{"@type":"PropertyValueSpecification","valueRequired":true,"valueName":"search_term_string"}}],"inLanguage":"fr-FR"},{"@type":"Organization","@id":"https:\/\/musicoss.ch\/#organization","name":"École de musique de Cossonay","url":"https:\/\/musicoss.ch\/","logo":{"@type":"ImageObject","inLanguage":"fr-FR","@id":"https:\/\/musicoss.ch\/#\/schema\/logo\/image\/","url":"https:\/\/musicoss.ch\/contenusgk\/uploads\/2020\/04\/logo-EMC.png","contentUrl":"https:\/\/musicoss.ch\/contenusgk\/uploads\/2020\/04\/logo-EMC.png","width":500,"height":266,"caption":"École de musique de Cossonay"},"image":{"@id":"https:\/\/musicoss.ch\/#\/schema\/logo\/image\/"},"sameAs":["https:\/\/www.facebook.com\/EcoleMusiqueCossonay\/"]}]}</script>
<!-- / Yoast SEO plugin. -->

École de musique de Cossonay &#062; Agenda &#062; Concert - EMC Big Band

Samedi 3 octobre 2020 à 20h feat. Cyril Regamey, percussions Entrée libre - Collecte

École de musique de Cossonay

Évènements
