{"id":245250,"date":"2021-11-01T12:13:54","date_gmt":"2021-11-01T11:13:54","guid":{"rendered":"https:\/\/musicoss.ch\/?post_type=tribe_events&#038;p=245250"},"modified":"2025-08-29T06:40:08","modified_gmt":"2025-08-29T04:40:08","slug":"spectacle-le-voyage-fantastique-1","status":"publish","type":"tribe_events","link":"https:\/\/musicoss.ch\/event\/spectacle-le-voyage-fantastique-1\/","title":{"rendered":"Spectacle &#8211; Le Voyage Fantastique 1"},"content":{"rendered":"<p class=\"p1\">Nos voix s\u2019unissent pour c\u00e9l\u00e9brer le 50<span class=\"s1\">\u00e8me<\/span> anniversaire de l&rsquo;EMC avec un spectacle in\u00e9dit, vibrant d\u2019\u00e9motion. Sur sc\u00e8ne, l\u2019Atelier Voix en Sc\u00e8ne et les jeunes chanteurs de Musique en Ch\u0153ur vous embarquent dans Le Voyage Fantastique. Tout commence par un souffle, un cri, une voix nouvelle\u2026 celle qui grandit, qui s\u2019affirme. \u00c0 travers nos chants, nous vous ferons revivre les grandes \u00e9tapes de la vie en rendant hommage \u00e0 notre h\u00e9ro\u00efne : la Voix, dans toute sa force, sa fragilit\u00e9 et sa magie.<\/p>\n<p class=\"p2\"><b>Ateliers Musique en Ch\u0153ur &amp; Voix en Sc\u00e8ne<\/b><\/p>\n<p class=\"p2\"><b>Direction, conception, chor\u00e9graphies <\/b>Marie-H\u00e9l\u00e8ne Essade<\/p>\n<p class=\"p2\">Mariaux, Jo\u00eblle-Aur\u00e9lie Masson-Mayor, \u00c9lodie Wulliens &amp; Maryl\u00e8ne Gentet<\/p>\n<p class=\"p2\"><b>Piano <\/b>NN<\/p>\n<p class=\"p2\"><b>Basse <\/b>J\u00e9r\u00e9mie Stricker<\/p>\n<p class=\"p2\"><b>Batterie <\/b>Killian Caputo<\/p>\n","protected":false},"excerpt":{"rendered":"<p>Samedi 9 mai 2020 \u00e0 9h30<br \/>\nClasses d&rsquo;Anne-Th\u00e9r\u00e8se Bieri, Davide Montagne et Madeleine Murray-Robertson <\/p>\n","protected":false},"author":11,"featured_media":234021,"template":"","meta":{"_gkelmt_built_use_built":"off","_gkelmt_built_old_content":"event 1 - concert de fl\u00fbte : Phasellus scelerisque mi eros, vitae venenatis enim bibendum vel. Nam convallis neque id turpis efficitur, in rhoncus urna posuere. In sed imperdiet ex. Aenean semper lacus vitae magna accumsan eleifend. \r\n\r\nPellentesque habitant morbi tristique senectus et netus non mi dolor. Etiam non suscipit erat. Praesent eu felis non massa ullamcorper laoreet in vitae libero. \r\n\r\nNam ac risus mauris. Suspendisse dignissim, lacus sagittis scelerisque rhoncus, massa dui lobortis nulla, id interdum nisl lacus vitae lacus.","_gkelmt_gb_content_width":"","inline_featured_image":false,"_tribe_events_status":"","_tribe_events_status_reason":"","_tribe_events_is_hybrid":"","_tribe_events_is_virtual":"","_tribe_events_virtual_video_source":"","_tribe_events_virtual_embed_video":"","_tribe_events_virtual_linked_button_text":"","_tribe_events_virtual_linked_button":"","_tribe_events_virtual_show_embed_at":"","_tribe_events_virtual_show_embed_to":[],"_tribe_events_virtual_show_on_event":"","_tribe_events_virtual_show_on_views":"","_tribe_events_virtual_url":"","footnotes":""},"tags":[256],"tribe_events_cat":[383],"class_list":["post-245250","tribe_events","type-tribe_events","status-publish","has-post-thumbnail","hentry","tag-concerts","tribe_events_cat-events","cat_events"],"seo_gk_head":"<!-- This site is optimized with the Yoast SEO plugin v27.4 - https:\/\/yoast.com\/product\/yoast-seo-wordpress\/ -->\n<title>\u00c9cole de musique de Cossonay &#062; Agenda &#062; Spectacle - Le Voyage Fantastique 1<\/title>\n<meta name=\"robots\" content=\"index, follow, max-snippet:-1, max-image-preview:large, max-video-preview:-1\" \/>\n<link rel=\"canonical\" href=\"https:\/\/musicoss.ch\/event\/spectacle-le-voyage-fantastique-1\/\" \/>\n<meta property=\"og:locale\" content=\"fr_FR\" \/>\n<meta property=\"og:type\" content=\"article\" \/>\n<meta property=\"og:title\" content=\"\u00c9cole de musique de Cossonay &#062; Agenda &#062; Spectacle - Le Voyage Fantastique 1\" \/>\n<meta property=\"og:description\" content=\"Samedi 9 mai 2020 \u00e0 9h30 Classes d&#039;Anne-Th\u00e9r\u00e8se Bieri, Davide Montagne et Madeleine Murray-Robertson\" \/>\n<meta property=\"og:url\" content=\"https:\/\/musicoss.ch\/event\/spectacle-le-voyage-fantastique-1\/\" \/>\n<meta property=\"og:site_name\" content=\"\u00c9cole de musique de Cossonay\" \/>\n<meta property=\"article:publisher\" content=\"https:\/\/www.facebook.com\/EcoleMusiqueCossonay\/\" \/>\n<meta property=\"article:modified_time\" content=\"2025-08-29T04:40:08+00:00\" \/>\n<meta property=\"og:image\" content=\"https:\/\/musicoss.ch\/imagesgk\/2020\/03\/audition.png\" \/>\n\t<meta property=\"og:image:width\" content=\"600\" \/>\n\t<meta property=\"og:image:height\" content=\"267\" \/>\n\t<meta property=\"og:image:type\" content=\"image\/png\" \/>\n<meta name=\"twitter:card\" content=\"summary_large_image\" \/>\n<meta name=\"twitter:label1\" content=\"Dur\u00e9e de lecture estim\u00e9e\" \/>\n\t<meta name=\"twitter:data1\" content=\"1 minute\" \/>\n<script type=\"application\/ld+json\" class=\"seo_gk-schema-graph\">{\"@context\":\"https:\\\/\\\/schema.org\",\"@graph\":[{\"@type\":\"WebPage\",\"@id\":\"https:\\\/\\\/musicoss.ch\\\/event\\\/spectacle-le-voyage-fantastique-1\\\/\",\"url\":\"https:\\\/\\\/musicoss.ch\\\/event\\\/spectacle-le-voyage-fantastique-1\\\/\",\"name\":\"\u00c9cole de musique de Cossonay &#062; Agenda &#062; Spectacle - Le Voyage Fantastique 1\",\"isPartOf\":{\"@id\":\"https:\\\/\\\/musicoss.ch\\\/#website\"},\"primaryImageOfPage\":{\"@id\":\"https:\\\/\\\/musicoss.ch\\\/event\\\/spectacle-le-voyage-fantastique-1\\\/#primaryimage\"},\"image\":{\"@id\":\"https:\\\/\\\/musicoss.ch\\\/event\\\/spectacle-le-voyage-fantastique-1\\\/#primaryimage\"},\"thumbnailUrl\":\"https:\\\/\\\/musicoss.ch\\\/contenusgk\\\/uploads\\\/2020\\\/03\\\/audition.png\",\"datePublished\":\"2021-11-01T11:13:54+00:00\",\"dateModified\":\"2025-08-29T04:40:08+00:00\",\"breadcrumb\":{\"@id\":\"https:\\\/\\\/musicoss.ch\\\/event\\\/spectacle-le-voyage-fantastique-1\\\/#breadcrumb\"},\"inLanguage\":\"fr-FR\",\"potentialAction\":[{\"@type\":\"ReadAction\",\"target\":[\"https:\\\/\\\/musicoss.ch\\\/event\\\/spectacle-le-voyage-fantastique-1\\\/\"]}]},{\"@type\":\"ImageObject\",\"inLanguage\":\"fr-FR\",\"@id\":\"https:\\\/\\\/musicoss.ch\\\/event\\\/spectacle-le-voyage-fantastique-1\\\/#primaryimage\",\"url\":\"https:\\\/\\\/musicoss.ch\\\/contenusgk\\\/uploads\\\/2020\\\/03\\\/audition.png\",\"contentUrl\":\"https:\\\/\\\/musicoss.ch\\\/contenusgk\\\/uploads\\\/2020\\\/03\\\/audition.png\",\"width\":600,\"height\":267},{\"@type\":\"BreadcrumbList\",\"@id\":\"https:\\\/\\\/musicoss.ch\\\/event\\\/spectacle-le-voyage-fantastique-1\\\/#breadcrumb\",\"itemListElement\":[{\"@type\":\"ListItem\",\"position\":1,\"name\":\"\u00c9cole de musique de Cossonay\",\"item\":\"https:\\\/\\\/musicoss.ch\\\/\"},{\"@type\":\"ListItem\",\"position\":2,\"name\":\"\u00c9v\u00e8nements\",\"item\":\"https:\\\/\\\/musicoss.ch\\\/events\\\/\"},{\"@type\":\"ListItem\",\"position\":3,\"name\":\"Spectacle &#8211; Le Voyage Fantastique 1\"}]},{\"@type\":\"WebSite\",\"@id\":\"https:\\\/\\\/musicoss.ch\\\/#website\",\"url\":\"https:\\\/\\\/musicoss.ch\\\/\",\"name\":\"\u00c9cole de musique de Cossonay\",\"description\":\"\",\"publisher\":{\"@id\":\"https:\\\/\\\/musicoss.ch\\\/#organization\"},\"potentialAction\":[{\"@type\":\"SearchAction\",\"target\":{\"@type\":\"EntryPoint\",\"urlTemplate\":\"https:\\\/\\\/musicoss.ch\\\/?s={search_term_string}\"},\"query-input\":{\"@type\":\"PropertyValueSpecification\",\"valueRequired\":true,\"valueName\":\"search_term_string\"}}],\"inLanguage\":\"fr-FR\"},{\"@type\":\"Organization\",\"@id\":\"https:\\\/\\\/musicoss.ch\\\/#organization\",\"name\":\"\u00c9cole de musique de Cossonay\",\"url\":\"https:\\\/\\\/musicoss.ch\\\/\",\"logo\":{\"@type\":\"ImageObject\",\"inLanguage\":\"fr-FR\",\"@id\":\"https:\\\/\\\/musicoss.ch\\\/#\\\/schema\\\/logo\\\/image\\\/\",\"url\":\"https:\\\/\\\/musicoss.ch\\\/contenusgk\\\/uploads\\\/2020\\\/04\\\/logo-EMC.png\",\"contentUrl\":\"https:\\\/\\\/musicoss.ch\\\/contenusgk\\\/uploads\\\/2020\\\/04\\\/logo-EMC.png\",\"width\":500,\"height\":266,\"caption\":\"\u00c9cole de musique de Cossonay\"},\"image\":{\"@id\":\"https:\\\/\\\/musicoss.ch\\\/#\\\/schema\\\/logo\\\/image\\\/\"},\"sameAs\":[\"https:\\\/\\\/www.facebook.com\\\/EcoleMusiqueCossonay\\\/\"]}]}<\/script>\n<!-- \/ Yoast SEO plugin. -->","seo_gk_head_json":{"title":"\u00c9cole de musique de Cossonay &#062; Agenda &#062; Spectacle - Le Voyage Fantastique 1","robots":{"index":"index","follow":"follow","max-snippet":"max-snippet:-1","max-image-preview":"max-image-preview:large","max-video-preview":"max-video-preview:-1"},"canonical":"https:\/\/musicoss.ch\/event\/spectacle-le-voyage-fantastique-1\/","og_locale":"fr_FR","og_type":"article","og_title":"\u00c9cole de musique de Cossonay &#062; Agenda &#062; Spectacle - Le Voyage Fantastique 1","og_description":"Samedi 9 mai 2020 \u00e0 9h30 Classes d'Anne-Th\u00e9r\u00e8se Bieri, Davide Montagne et Madeleine Murray-Robertson","og_url":"https:\/\/musicoss.ch\/event\/spectacle-le-voyage-fantastique-1\/","og_site_name":"\u00c9cole de musique de Cossonay","article_publisher":"https:\/\/www.facebook.com\/EcoleMusiqueCossonay\/","article_modified_time":"2025-08-29T04:40:08+00:00","og_image":[{"width":600,"height":267,"url":"https:\/\/musicoss.ch\/imagesgk\/2020\/03\/audition.png","type":"image\/png"}],"twitter_card":"summary_large_image","twitter_misc":{"Dur\u00e9e de lecture estim\u00e9e":"1 minute"},"schema":{"@context":"https:\/\/schema.org","@graph":[{"@type":"WebPage","@id":"https:\/\/musicoss.ch\/event\/spectacle-le-voyage-fantastique-1\/","url":"https:\/\/musicoss.ch\/event\/spectacle-le-voyage-fantastique-1\/","name":"\u00c9cole de musique de Cossonay &#062; Agenda &#062; Spectacle - Le Voyage Fantastique 1","isPartOf":{"@id":"https:\/\/musicoss.ch\/#website"},"primaryImageOfPage":{"@id":"https:\/\/musicoss.ch\/event\/spectacle-le-voyage-fantastique-1\/#primaryimage"},"image":{"@id":"https:\/\/musicoss.ch\/event\/spectacle-le-voyage-fantastique-1\/#primaryimage"},"thumbnailUrl":"https:\/\/musicoss.ch\/imagesgk\/2020\/03\/audition.png","datePublished":"2021-11-01T11:13:54+00:00","dateModified":"2025-08-29T04:40:08+00:00","breadcrumb":{"@id":"https:\/\/musicoss.ch\/event\/spectacle-le-voyage-fantastique-1\/#breadcrumb"},"inLanguage":"fr-FR","potentialAction":[{"@type":"ReadAction","target":["https:\/\/musicoss.ch\/event\/spectacle-le-voyage-fantastique-1\/"]}]},{"@type":"ImageObject","inLanguage":"fr-FR","@id":"https:\/\/musicoss.ch\/event\/spectacle-le-voyage-fantastique-1\/#primaryimage","url":"https:\/\/musicoss.ch\/imagesgk\/2020\/03\/audition.png","contentUrl":"https:\/\/musicoss.ch\/imagesgk\/2020\/03\/audition.png","width":600,"height":267},{"@type":"BreadcrumbList","@id":"https:\/\/musicoss.ch\/event\/spectacle-le-voyage-fantastique-1\/#breadcrumb","itemListElement":[{"@type":"ListItem","position":1,"name":"\u00c9cole de musique de Cossonay","item":"https:\/\/musicoss.ch\/"},{"@type":"ListItem","position":2,"name":"\u00c9v\u00e8nements","item":"https:\/\/musicoss.ch\/events\/"},{"@type":"ListItem","position":3,"name":"Spectacle &#8211; Le Voyage Fantastique 1"}]},{"@type":"WebSite","@id":"https:\/\/musicoss.ch\/#website","url":"https:\/\/musicoss.ch\/","name":"\u00c9cole de musique de Cossonay","description":"","publisher":{"@id":"https:\/\/musicoss.ch\/#organization"},"potentialAction":[{"@type":"SearchAction","target":{"@type":"EntryPoint","urlTemplate":"https:\/\/musicoss.ch\/?s={search_term_string}"},"query-input":{"@type":"PropertyValueSpecification","valueRequired":true,"valueName":"search_term_string"}}],"inLanguage":"fr-FR"},{"@type":"Organization","@id":"https:\/\/musicoss.ch\/#organization","name":"\u00c9cole de musique de Cossonay","url":"https:\/\/musicoss.ch\/","logo":{"@type":"ImageObject","inLanguage":"fr-FR","@id":"https:\/\/musicoss.ch\/#\/schema\/logo\/image\/","url":"https:\/\/musicoss.ch\/imagesgk\/2020\/04\/logo-EMC.png","contentUrl":"https:\/\/musicoss.ch\/imagesgk\/2020\/04\/logo-EMC.png","width":500,"height":266,"caption":"\u00c9cole de musique de Cossonay"},"image":{"@id":"https:\/\/musicoss.ch\/#\/schema\/logo\/image\/"},"sameAs":["https:\/\/www.facebook.com\/EcoleMusiqueCossonay\/"]}]}},"_links":{"self":[{"href":"https:\/\/musicoss.ch\/api-json-gk\/wp\/v2\/tribe_events\/245250","targetHints":{"allow":["GET"]}}],"collection":[{"href":"https:\/\/musicoss.ch\/api-json-gk\/wp\/v2\/tribe_events"}],"about":[{"href":"https:\/\/musicoss.ch\/api-json-gk\/wp\/v2\/types\/tribe_events"}],"author":[{"embeddable":true,"href":"https:\/\/musicoss.ch\/api-json-gk\/wp\/v2\/users\/11"}],"version-history":[{"count":4,"href":"https:\/\/musicoss.ch\/api-json-gk\/wp\/v2\/tribe_events\/245250\/revisions"}],"predecessor-version":[{"id":245254,"href":"https:\/\/musicoss.ch\/api-json-gk\/wp\/v2\/tribe_events\/245250\/revisions\/245254"}],"wp:featuredmedia":[{"embeddable":true,"href":"https:\/\/musicoss.ch\/api-json-gk\/wp\/v2\/media\/234021"}],"wp:attachment":[{"href":"https:\/\/musicoss.ch\/api-json-gk\/wp\/v2\/media?parent=245250"}],"wp:term":[{"taxonomy":"post_tag","embeddable":true,"href":"https:\/\/musicoss.ch\/api-json-gk\/wp\/v2\/tags?post=245250"},{"taxonomy":"tribe_events_cat","embeddable":true,"href":"https:\/\/musicoss.ch\/api-json-gk\/wp\/v2\/tribe_events_cat?post=245250"}],"curies":[{"name":"wp","href":"https:\/\/api.w.org\/{rel}","templated":true}]}}

<p class="p1">Nos voix s’unissent pour célébrer le 50<span class="s1">ème</span> anniversaire de l&rsquo;EMC avec un spectacle inédit, vibrant d’émotion. Sur scène, l’Atelier Voix en Scène et les jeunes chanteurs de Musique en Chœur vous embarquent dans Le Voyage Fantastique. Tout commence par un souffle, un cri, une voix nouvelle… celle qui grandit, qui s’affirme. À travers nos chants, nous vous ferons revivre les grandes étapes de la vie en rendant hommage à notre héroïne : la Voix, dans toute sa force, sa fragilité et sa magie.</p>
<p class="p2"><b>Ateliers Musique en Chœur &amp; Voix en Scène</b></p>
<p class="p2"><b>Direction, conception, chorégraphies </b>Marie-Hélène Essade</p>
<p class="p2">Mariaux, Joëlle-Aurélie Masson-Mayor, Élodie Wulliens &amp; Marylène Gentet</p>
<p class="p2"><b>Piano </b>NN</p>
<p class="p2"><b>Basse </b>Jérémie Stricker</p>
<p class="p2"><b>Batterie </b>Killian Caputo</p>

<p>Samedi 9 mai 2020 à 9h30<br />
Classes d&rsquo;Anne-Thérèse Bieri, Davide Montagne et Madeleine Murray-Robertson </p>

event 1 - concert de flûte : Phasellus scelerisque mi eros, vitae venenatis enim bibendum vel. Nam convallis neque id turpis efficitur, in rhoncus urna posuere. In sed imperdiet ex. Aenean semper lacus vitae magna accumsan eleifend. 

Pellentesque habitant morbi tristique senectus et netus non mi dolor. Etiam non suscipit erat. Praesent eu felis non massa ullamcorper laoreet in vitae libero. 

Nam ac risus mauris. Suspendisse dignissim, lacus sagittis scelerisque rhoncus, massa dui lobortis nulla, id interdum nisl lacus vitae lacus.

<!-- This site is optimized with the Yoast SEO plugin v27.4 - https://yoast.com/product/yoast-seo-wordpress/ -->
<title>École de musique de Cossonay &#062; Agenda &#062; Spectacle - Le Voyage Fantastique 1</title>
<meta name="robots" content="index, follow, max-snippet:-1, max-image-preview:large, max-video-preview:-1" />
<link rel="canonical" href="https://musicoss.ch/event/spectacle-le-voyage-fantastique-1/" />
<meta property="og:locale" content="fr_FR" />
<meta property="og:type" content="article" />
<meta property="og:title" content="École de musique de Cossonay &#062; Agenda &#062; Spectacle - Le Voyage Fantastique 1" />
<meta property="og:description" content="Samedi 9 mai 2020 à 9h30 Classes d&#039;Anne-Thérèse Bieri, Davide Montagne et Madeleine Murray-Robertson" />
<meta property="og:url" content="https://musicoss.ch/event/spectacle-le-voyage-fantastique-1/" />
<meta property="og:site_name" content="École de musique de Cossonay" />
<meta property="article:publisher" content="https://www.facebook.com/EcoleMusiqueCossonay/" />
<meta property="article:modified_time" content="2025-08-29T04:40:08+00:00" />
<meta property="og:image" content="https://musicoss.ch/imagesgk/2020/03/audition.png" />
	<meta property="og:image:width" content="600" />
	<meta property="og:image:height" content="267" />
	<meta property="og:image:type" content="image/png" />
<meta name="twitter:card" content="summary_large_image" />
<meta name="twitter:label1" content="Durée de lecture estimée" />
	<meta name="twitter:data1" content="1 minute" />
<script type="application/ld+json" class="seo_gk-schema-graph">{"@context":"https:\/\/schema.org","@graph":[{"@type":"WebPage","@id":"https:\/\/musicoss.ch\/event\/spectacle-le-voyage-fantastique-1\/","url":"https:\/\/musicoss.ch\/event\/spectacle-le-voyage-fantastique-1\/","name":"École de musique de Cossonay &#062; Agenda &#062; Spectacle - Le Voyage Fantastique 1","isPartOf":{"@id":"https:\/\/musicoss.ch\/#website"},"primaryImageOfPage":{"@id":"https:\/\/musicoss.ch\/event\/spectacle-le-voyage-fantastique-1\/#primaryimage"},"image":{"@id":"https:\/\/musicoss.ch\/event\/spectacle-le-voyage-fantastique-1\/#primaryimage"},"thumbnailUrl":"https:\/\/musicoss.ch\/contenusgk\/uploads\/2020\/03\/audition.png","datePublished":"2021-11-01T11:13:54+00:00","dateModified":"2025-08-29T04:40:08+00:00","breadcrumb":{"@id":"https:\/\/musicoss.ch\/event\/spectacle-le-voyage-fantastique-1\/#breadcrumb"},"inLanguage":"fr-FR","potentialAction":[{"@type":"ReadAction","target":["https:\/\/musicoss.ch\/event\/spectacle-le-voyage-fantastique-1\/"]}]},{"@type":"ImageObject","inLanguage":"fr-FR","@id":"https:\/\/musicoss.ch\/event\/spectacle-le-voyage-fantastique-1\/#primaryimage","url":"https:\/\/musicoss.ch\/contenusgk\/uploads\/2020\/03\/audition.png","contentUrl":"https:\/\/musicoss.ch\/contenusgk\/uploads\/2020\/03\/audition.png","width":600,"height":267},{"@type":"BreadcrumbList","@id":"https:\/\/musicoss.ch\/event\/spectacle-le-voyage-fantastique-1\/#breadcrumb","itemListElement":[{"@type":"ListItem","position":1,"name":"École de musique de Cossonay","item":"https:\/\/musicoss.ch\/"},{"@type":"ListItem","position":2,"name":"Évènements","item":"https:\/\/musicoss.ch\/events\/"},{"@type":"ListItem","position":3,"name":"Spectacle &#8211; Le Voyage Fantastique 1"}]},{"@type":"WebSite","@id":"https:\/\/musicoss.ch\/#website","url":"https:\/\/musicoss.ch\/","name":"École de musique de Cossonay","description":"","publisher":{"@id":"https:\/\/musicoss.ch\/#organization"},"potentialAction":[{"@type":"SearchAction","target":{"@type":"EntryPoint","urlTemplate":"https:\/\/musicoss.ch\/?s={search_term_string}"},"query-input":{"@type":"PropertyValueSpecification","valueRequired":true,"valueName":"search_term_string"}}],"inLanguage":"fr-FR"},{"@type":"Organization","@id":"https:\/\/musicoss.ch\/#organization","name":"École de musique de Cossonay","url":"https:\/\/musicoss.ch\/","logo":{"@type":"ImageObject","inLanguage":"fr-FR","@id":"https:\/\/musicoss.ch\/#\/schema\/logo\/image\/","url":"https:\/\/musicoss.ch\/contenusgk\/uploads\/2020\/04\/logo-EMC.png","contentUrl":"https:\/\/musicoss.ch\/contenusgk\/uploads\/2020\/04\/logo-EMC.png","width":500,"height":266,"caption":"École de musique de Cossonay"},"image":{"@id":"https:\/\/musicoss.ch\/#\/schema\/logo\/image\/"},"sameAs":["https:\/\/www.facebook.com\/EcoleMusiqueCossonay\/"]}]}</script>
<!-- / Yoast SEO plugin. -->

École de musique de Cossonay &#062; Agenda &#062; Spectacle - Le Voyage Fantastique 1

Samedi 9 mai 2020 à 9h30 Classes d'Anne-Thérèse Bieri, Davide Montagne et Madeleine Murray-Robertson

École de musique de Cossonay

Évènements
